 l. Calculate the highest common divisor of 8 and c.
8
Let g(w) = -2*w - 27. Let x be g(-16). Suppose x*s - 3*v - 53 = 0, v + 5 = 2*s - 16. What is the highest common divisor of 80 and s?
10
Let h be -6*(-6)/(-24)*(13 - 23). What is the highest common divisor of h and 4335?
15
Suppose 3*k - 28 = -4*r, -k + 1 = 2*r - 7. Let i = 303 - 293. Suppose -2*m + i = -3*n - 2, 0 = 4*m - n - 14. What is the highest common divisor of k and m?
3
Let j be 126 - -3 - 21/(-119)*-17. What is the greatest common divisor of j and 8586?
18
Let c be 1*(-1 - (-56)/2). Suppose -2*y - 24 = -4*s + 6, -4*s - 6 = 2*y. Calculate the highest common divisor of s and c.
3
Let l = 7 + -5. Let z be 2 + -2 + l - -3. Let i(p) = p**2 + 32*p + 193. Let f be i(-24). Calculate the highest common divisor of z and f.
1
Let r(v) = -v + 1. Let q(p) = -2*p - 6. Let u(n) = q(n) - r(n). Let a be u(-5). Let j be 0/(-2) + (a - -8). What is the highest common factor of j and 15?
3
Suppose 0 = 3*r - 5*m - 4867, -6480 = -12*r + 8*r + 2*m. Suppose 5*q - r + 89 = 0. Calculate the highest common factor of 68 and q.
34
Let d be 187986/152 + (-63)/(-28). Calculate the greatest common factor of 1416 and d.
177
Let u(t) = -4*t**3 + 4*t + 3. Let w(q) = -3*q - 18. Let g be w(-8). Suppose -y + 3*y + g = 0. Let n be u(y). Calculate the greatest common divisor of n and 66.
33
Suppose -19*q = -21*q - 92. Let c be (q - -47)*(-76)/(-2). What is the greatest common factor of 10 and c?
2
Suppose 0*n - 20*n - 46*n = -13728. Calculate the greatest common divisor of 128 and n.
16
Let f be ((-27690)/(-325))/(6/20). Calculate the greatest common factor of f and 142.
142
Let g(h) = h**2 - 9*h - 35. Let f be g(12). Let c = f + 22. Suppose -c*w = -26*w + 114. Calculate the highest common divisor of 190 and w.
38
Suppose 4*t = -z + 28749 - 2279, 26466 = 4*t - z. What is the greatest common divisor of t and 13?
13
Suppose -3*x - 3501*t + 39 = -3504*t, -3*x + 159 = 5*t. Let a = -104 + 356. Calculate the greatest common factor of a and x.
28
Suppose -2*c + 3*k - 6 = -36, -c - 2*k = 6. Calculate the greatest common factor of c and 366.
6
Suppose -4*s + 179 = -c, 53*s = 50*s - 2*c + 148. Calculate the greatest common divisor of 92 and s.
46
Let t(j) = j**2 - 107*j + 2320. Let h be t(22). Calculate the greatest common divisor of 990 and h.
90
Let n(d) = 10*d - 125. Let o be n(13). Suppose 5*q = -5*c + 3*c + 522, 0 = 5*q + o*c - 525. What is the greatest common factor of 13 and q?
13
Suppose 7*d = 5*f + 3*d - 956, -5*f + 944 = -d. Let v = 233 - f. Calculate the greatest common divisor of 30 and v.
15
Let x(u) = -107*u + 1197. Let o be x(11). Calculate the highest common divisor of o and 75.
5
Let x = -15 + 55. Let d be (0 - -1)*-1 - (-34 - -14). Let k = d + 101. What is the highest common divisor of x and k?
40
Let b(a) = 6*a + 36. Let n be b(0). Suppose -2*j = 3*l - n, 5*l - 95 = -j - 4*j. Calculate the highest common factor of 3 and j.
3
Let p = 18254 - 18216. Suppose 0*n = -4*n + 1672. Calculate the greatest common divisor of p and n.
38
Let m be (-15)/(-40) + (-630)/(-240). What is the highest common divisor of 64 and m?
1
Let i(t) = -581*t**2 - t - 1. Let l be i(1). Let s = -563 - l. Suppose 7*m - 4*m - 300 = 0. Calculate the highest common factor of m and s.
20
Let m(q) = -2*q**2 + 31*q - 114. Let j be m(7). Calculate the greatest common factor of j and 2630.
5
Let j(g) = g**2 + 6*g - 12. Let f be j(-8). Suppose f*a = 177 + 491. Suppose -a = 8*u - 695. What is the highest common factor of 165 and u?
33
Let h(r) = -20*r - 18. Let q be h(-1). Let k be ((-32)/48)/(2/(-126)). What is the greatest common divisor of q and k?
2
Suppose -6*g - 3*m + 190 = -5*g, -3*m + 938 = 5*g. Suppose 608 - 3088 = 2*t. Let v be t/(-72) - 4/18. What is the greatest common factor of g and v?
17
Suppose h - 6*h = -65. Suppose 0*s + 54 = -9*s. Let o = s + h. Calculate the highest common divisor of 28 and o.
7
Let a be ((-28)/8 + 2)*100/(-3). Suppose 0 = 5*j - 17 + 2. Suppose j*p = 95 + 355. What is the highest common divisor of a and p?
50
Suppose -5*w = 17 + 223. Let b be 2/(-13) + 4 + w/26. Let y be 1 - (1 + (-2 - 0)). Calculate the greatest common divisor of y and b.
2
Let w be ((-2)/(-4))/(23*4/65872). Calculate the highest common factor of w and 2.
2
Suppose 0 = -99*o + 103*o + h - 414, -3*o = -4*h - 320. Calculate the greatest common factor of 273 and o.
13
Suppose 3756 = j + 7*c, -2*j + 3746 = -j + 5*c. Calculate the highest common divisor of j and 61.
61
Suppose -3*u + 663 = 6*x, -563 = 5*x - 503. Let f be (67 - -2) + (-2)/(-2). What is the highest common factor of u and f?
35
Let c = 522 - 502. Let w(a) = -a - 7 + 16 - 10. Let x be w(-6). Calculate the highest common factor of x and c.
5
Let b = -9584 + 9836. What is the highest common divisor of 240 and b?
12
Let j = 3 + -2. Let u = -2505 - -3577. Let w be u/10 + j + 2/(-10). What is the highest common divisor of w and 72?
36
Let m be (3051/(-108) - -29)*((-6934)/(-3) - -2). What is the highest common divisor of m and 40?
5
Let d(b) be the first derivative of b**4 - 14*b**3/3 + 7*b**2/2 + 10*b - 123. Let n be d(5). What is the highest common factor of n and 78?
39
Let l(k) = k**3 - 36*k**2 + 72*k + 34. Let a be l(34). Let t be ((5 + -3)*a)/(12 - 10). Calculate the highest common factor of 20 and t.
10
Let x = -23 + 24. Let k(b) = -b + 15. Let o be k(10). Suppose -3*j + o*n + 2 = 0, 4 = 3*j - n - 3*n. What is the highest common factor of x and j?
1
Let p = -17 - -22. Suppose 0 = p*b + u - 2085, 5*b - u = 3*u + 2060. What is the greatest common factor of b and 32?
32
Let k be 1 + -3 - (3/4 - 16496/64). Calculate the greatest common divisor of 935 and k.
85
Let v be (-3)/(-15) - 6982/10. Let h = 768 + v. Calculate the highest common factor of h and 14.
14
Let o(p) = p**3 + 4*p**2 - 4*p + 6. Let i be (((-1)/2)/(2/(-20)))/(-1). Let x be o(i). What is the highest common factor of x and 51?
1
Let k be -8 + 8 + 8*5. Let l(i) = i**3 + 6*i**2 + 6*i + 6. Let a be l(-6). Let d = a + k. Calculate the highest common factor of 10 and d.
10
Suppose 12 = -3*i + 5*c, 5*i + 45*c = 46*c + 24. What is the highest common divisor of 48 and i?
6
Let b(i) = 9*i + 34 + 54 - 8 + 31*i. Let r(c) = c + 1. Let x(d) = b(d) - 60*r(d). Let j be x(-6). What is the greatest common factor of 28 and j?
28
Let u(h) = -203*h + 1048. Let s be u(5). Calculate the greatest common divisor of 3201 and s.
33
Suppose 3*y + 2*c - 178 = -0*c, -c - 230 = -4*y. Suppose -23 = v + 5*k, v - 26*k - 17 = -23*k. What is the greatest common factor of v and y?
2
Suppose b - 16 = -11. Suppose 2964 = -b*t + 43*t. What is the highest common factor of t and 429?
39
Suppose y = k + 5*y + 11, 0 = k + y + 2. Let j be ((4 - k)/1)/((-2)/(-10)). Suppose -88 = -j*f + 4*f. What is the highest common divisor of 24 and f?
8
Let h be 15/(-30)*-126*(-42)/(-49). Calculate the highest common divisor of h and 24246.
54
Suppose -3*w - 64 = -q, 3*w = -13*q + 364 + 174. Calculate the greatest common divisor of 3 and q.
1
Let j = -2734 + 5164. What is the highest common divisor of 20 and j?
10
Suppose p - 7369 + 7323 = 0. What is the greatest common divisor of p and 2?
2
Let c = -474 + 694. Suppose -4*d + 0*d + 20 = 0. Suppose -d*s + 123 = 23. What is the greatest common divisor of s and c?
20
Let o(z) = -98*z - 120. Let m(x) = 65*x + 82. Let u(d) = -8*m(d) - 5*o(d). Let c be u(-2). Calculate the greatest common factor of 8 and c.
4
Let d = 48 + -26. Suppose 3*x - 16 = -10. Let k be (-1 - 0) + d/x. Calculate the highest common divisor of 2 and k.
2
Let l be (-8)/(-5)*(-5)/2. Let t(i) = -22*i + 17. Let f(g) = g + 1. Let x(y) = 2*f(y) + t(y). Let z be x(l). Calculate the highest common divisor of 9 and z.
9
Let k = -2748 + 5178. What is the greatest common divisor of k and 324?
162
Suppose 17*l - 173 + 20 = 0. Let s = -135 + 159. What is the highest common divisor of s and l?
3
Suppose -207736 = 79*a - 2426846. Calculate the greatest common factor of a and 10.
10
Let x be 36/(-2) - (-11 - -7). Let h be (-4)/x - 534/(-42). Suppose h*l - 10 = 8*l. Calculate the greatest common factor of l and 14.
2
Suppose 4061 = 3*a + 4*j, -4*j + 2710 = 3*a - a. Suppose a*n = 1352*n - 94. Calculate the greatest common factor of 141 and n.
47
Let y(j) = -j**3 - 13*j**2 - 22*j - 114. 